h(z) + i*p(z). Determine w(1).
8
Suppose 0 = u + 5*t - 1, 8*t - 6*t + 11 = -u. Let z(r) = -r**3 - 18*r**2 + 19*r + 6. Give z(u).
6
Let p be (0/1 - -2) + -7. Let i be -5*(-4 - p)/(-1). Let z(m) = 4*m**3 - 3*m**3 + i - 11*m + 10*m - 2*m**3. Give z(0).
5
Let r(l) = l + 2 + 15 + 0 - 5. Let t(n) = -1. Let v(a) = -r(a) - 6*t(a). Determine v(-6).
0
Let s(q) = 2 + 13 + 715335*q - 715334*q. What is s(-8)?
7
Let g(i) be the second derivative of -i**3/6 + i + 11. Let d = 16 + -21. Let w be ((-1)/(-2))/((5/(-8))/d). What is g(w)?
-4
Let m(v) = v**2 + 7*v - 1. Let n be (-16)/20*(250/4)/(-5). Let d be (16/6)/(2/18). Suppose 0 = -2*f + n - d. Give m(f).
-1
Let w(a) = -4*a + 105. Suppose g = -2*i + 46, -5*g - 1097 = 5*i - 1197. Give w(i).
1
Let h(a) = -a**3 - 6*a**2 + 16*a + 3. Let y be h(-8). Suppose 20*t + y = 23*t. Let v(r) = -r**2. Let m be v(t). Let d(u) = -9*u**2 + 2*u + 1. Give d(m).
-10
Suppose 15*d - 75 + 15 = 0. Let f(o) = 20*o**2 + 6*o + o**3 - d*o - 23*o**2 - 1. Let u = 16 - 14. Calculate f(u).
-1
Let q(k) = -k - 1. Suppose -3*x = -2*o - 3*o + 3511, -x - 701 = -o. Let i = 716 - o. Calculate q(i).
-13
Let l(q) = 3*q**2 + 2*q + 1. Let c be 5/(40/204)*(-1 + -7). Let n = -205 - c. Calculate l(n).
2
Let z(j) = j**3 + 24*j**2 + 20*j - 72. Let v be -26 + 22 - (20 + -1). Let y be z(v). Let r(k) = k**3 - 4*k - 2. Calculate r(y).
-17
Let l(g) = -g**3 - 3*g**2 + 4*g + 1. Suppose 0 = -4*o + 17*o - 78. Let m(n) = -8*n + 44. Let k be m(o). Calculate l(k).
1
Let c(h) be the first derivative of 5*h**4/4 + h**3/3 + 3*h**2/2 + 1751. Calculate c(-1).
-7
Let k(u) = -u**3 - 1 - 8*u**2 - 2434*u + 2435*u + 2*u**3. Let f(l) = l**2 + 2*l - 16. Let a be f(-6). Determine k(a).
7
Let r(p) = p**2 - p + 7. Let q(k) = 5*k**2 + 13*k + 8. Let d(c) = -q(c) + 6*r(c). Calculate d(17).
0
Let k(o) = 5*o**2 + 6*o + 2. Let i be k(-2). Let g(w) be the first derivative of w**4/4 - 10*w**3/3 + 3*w - 25. Determine g(i).
3
Let a(l) = -3*l**2 - 2*l + 1. Let w(o) = o + 1. Let z(d) = a(d) + w(d). Let x be (-3)/5 - 13/(-5). Suppose 2*m - x*p = -2, m + 4*p - 2 = 4*m. What is z(m)?
-8
Let i(r) = 6*r**2 - 6*r - 10. Let n be (-169)/26 + 3 + (-1)/2 - -6. Determine i(n).
2
Let c(z) be the first derivative of -7*z**2/2 - 63*z - 1182. Calculate c(-11).
14
Let m(j) = -2*j + 15. Let n(v) = -v + 1. Let b(r) = m(r) - 3*n(r). Let y be b(-6). Suppose 4*k = -2 + y. Let t(g) = -3*g - 1. Give t(k).
-4
Let z(y) = 3*y + 5. Suppose 2*w = 5*i - 127, 20*i + w - 99 = 16*i. Suppose -i = 3*u - 5*b, 3*b = -0*b + 6. Calculate z(u).
-10
Let d = -9342 + 9336. Let l(o) = -2*o**3 - 11*o**2 + 3*o - 13. Give l(d).
5
Let l(p) be the second derivative of p**5/20 - 19*p**4/6 - 13*p**3 - 45*p**2 + 946*p. Calculate l(40).
-10
Let q = 617 + -614. Let i(d) = -d**3 + d**2 + 10*d - 14. Give i(q).
-2
Let c(y) = -y + 31. Let q be c(34). Let z(d) = -12*d**3 - 6*d**2 + 2*d + 6. Let w(p) = 7*p**3 + 3*p**2 - p - 3. Let s(j) = q*z(j) - 5*w(j). Give s(-3).
0
Let u(d) be the third derivative of -d**6/360 - d**5/40 - d**4/24 + 71*d**3/6 + 91*d**2. Let v(f) be the second derivative of u(f). Determine v(-7).
11
Let k(a) = 3 - 2*a - 3 + 2. Suppose 21*b - 42 = -0. Let t be -9 - (-2 + (-3 - b)). Give k(t).
6
Let k(m) = m**3 - 25*m**2 - 28*m + 53. Let a(w) = -449*w + 924. Let i be a(2). What is k(i)?
1
Let n(d) = -5*d**3 + 4*d**2 + 3*d. Let x = 31 - 24. Let v(t) = -t**3 - 5*t**3 + 4*t + 7 - x + 4*t**2. Let k(s) = -5*n(s) + 4*v(s). Calculate k(3).
-6
Let v(i) = -17*i**2 + 21*i - 28. Let j(h) = -54*h**2 + 66*h - 83. Let c(k) = 6*j(k) - 19*v(k). Calculate c(-7).
6
Let t(c) = 6*c**2 - c + 28*c**2 - 5*c**2 + 9*c**2. Determine t(-1).
39
Let m(u) = -361*u + 2520. Let w be m(7). Let s(o) = o - 33. What is s(w)?
-40
Let x be (1/4)/(8/736). Suppose -x*r = -11*r - 60. Let a(w) = 2*w**3 - r + 48*w - 49*w + 4. Determine a(-1).
-2
Suppose -4*x + 8*x = -2*f + 8, 0 = -2*x + 5*f + 28. Let j(r) = -4*r + 398*r**2 - 191*r**2 + 2*r - x - 203*r**2. Let g be 22/6 - (-2)/(-3). Give j(g).
26
Let k(r) be the third derivative of r**5/60 + 17*r**3/6 - 17*r**2. Let f be k(-12). Let h(t) = -81 - 78 + f - 4*t. Determine h(2).
-6
Let s(g) be the third derivative of -g**5/30 + g**4/12 - g**3 + 1637*g**2. What is s(2)?
-10
Let x be 385/121 - (-2)/(-11). Let r(j) = -39*j**3 + 13*j**2 + 3*j**x - 12*j**2 - 2 - 2 + 3. Give r(-1).
36
Let v be (-8)/(-44) + 64/11. Let a(c) = -c**3 - 5*c**2 - 7*c - 1. Let t(k) = 3*k**3 + 10*k**2 + 15*k + 2. Let y(u) = 5*a(u) + 2*t(u). What is y(v)?
5
Let b(n) = 5*n + 5*n + 10 - n**2 + 6. Let v be (201/(-9))/(4*11/(-1716)). Suppose v*y - 874*y + 33 = 0. Determine b(y).
5
Let y = 59877 - 59884. Let u(q) = -q**3 - 5*q**2 - 11*q - 18. Let l(c) = -3*c**3 - 16*c**2 - 32*c - 53. Let i(b) = 3*l(b) - 8*u(b). Determine i(y).
-8
Let q(b) = b**2 - 52*b - 1003. Let s be q(-15). Let y(l) be the first derivative of 4*l**s - 5*l + 1/3*l**3 + 13. Give y(-9).
4
Let c(w) = w**3 - 2*w - 5. Suppose 3*i = 18, -46*t = -41*t - 3*i + 18. Calculate c(t).
-5
Let u(d) = -62*d + 73*d - 5*d - 22*d + 1. Determine u(-3).
49
Let c(p) = 6*p**2 + 17*p + 7. Let x(g) = -5*g**2 - 18*g - 3. Let f(w) = -2*c(w) - 3*x(w). Let a be f(-7). Let d(u) = -3*u. Give d(a).
-6
Let c = 9546 + -9543. Let t(n) = -10*n + 28. Let b(l) = -3*l + 9. Let p(q) = -16*b(q) + 5*t(q). What is p(c)?
-10
Suppose 3*f + 6 - 3 = -5*s, -3 = -s + 3*f. Let y(c) = c + 4 + 3 + s*c - 8. Let t be -3 + 3 + 15 + -8. Give y(t).
6
Let h(g) be the third derivative of -g**5/10 - g**4/4 + 5*g**3/3 - 5*g**2 + 12*g - 9. Calculate h(2).
-26
Let z = -4399 - -4407. Let l(w) = 9*w + 1. What is l(z)?
73
Let u(r) = -17*r**2 - 9*r. Let b(j) = -32*j**2 - 17*j. Let k(z) = 3*b(z) - 5*u(z). Let m(t) = -25*t**2 - 13*t - 1. Let q(g) = -9*k(g) + 4*m(g). Give q(2).
-4
Let x(z) = 4*z**2 - 9*z - 4. Let k = 1 - -3. Let t(b) = -k*b**2 + 6 - 2*b**2 + 0*b**2 + 13*b. Let j(n) = 5*t(n) + 7*x(n). What is j(3)?
-10
Suppose z + u = 1, 0 = 3*z - 4*z + 4*u - 19. Let v(x) = x**3 - 24*x + 4*x**2 + 6 + 14*x + 9*x + 7*x + 3*x**2. Give v(z).
24
Let j(o) be the first derivative of o**6/360 - 3*o**5/40 + o**4/12 - 13*o**3/3 - 2*o - 60. Let k(l) be the third derivative of j(l). Calculate k(9).
2
Let m(q) = 2*q**3 + 6*q**2 + 7*q + 62. Let v be m(-4). Let l(w) be the third derivative of 0 - 5/24*w**4 + 0*w - v*w**2 + 1/6*w**3. Determine l(1).
-4
Suppose 5*h = 2*i + 25, 3*i - 6*h = -3*h - 15. Let k(z) = -z**2 + 2*z. Give k(i).
0
Let d(z) = -z**2 + 6*z - 1. Let n = 91 - 89. Let r be 12*(15/(-9) + n). Calculate d(r).
7
Let z = 21325 - 21319. Let s(r) = -5*r + 24. Determine s(z).
-6
Suppose -6*k + 38*k - 1024 = 0. Let n = 39 - k. Let t(c) = 2*c - 14. What is t(n)?
0
Let g(i) = i - 7. Let s be ((-12)/(-28) - -1)*7. Let q be g(s). Suppose 7 = q*p - 2. Let r(x) = x**2 - 4*x + 1. Calculate r(p).
-2
Let a(i) = -19*i**3 - 13*i**2 + 6*i - 30. Let r(z) = -15*z**3 - 14*z**2 + 5*z - 29. Let j(n) = -4*a(n) + 5*r(n). Give j(18).
-7
Let r(x) = -x - 4. Let z be -4 + -1 + 30 + -22. Let g(u) = -2*u - 8. Let n(p) = z*g(p) - 7*r(p). Calculate n(-8).
-4
Let i(o) be the first derivative of o**2 + 64*o - 307. Calculate i(-30).
4
Let v(s) = -4*s**2 + 13*s - 121. Let g(h) = -5*h**2 + 15*h - 144. Let k(a) = -5*g(a) + 6*v(a). Suppose -2*j + 4 = 2*j. Let i be (15/6)/j*-2. What is k(i)?
4
Let s(b) = -17*b**3 - 1 + 16*b**3 - 5*b**2 - 2 - 4*b. Let q = 41 + -37. Suppose -3*l = 4*h - 1, 2*l = -3*h + q - 2. Calculate s(l).
17
Let g(o) be the first derivative of 3*o**2 + 83*o - 1767. Calculate g(-14).
-1
Let i(m) = -2*m - 1. Let v(p) = 3*p + 2. Let d = 4 - 7. Let c(o) = d*v(o) - 5*i(o). Let x(a) = 3*a**2 - 45*a + 49. Let n be x(14). Determine c(n).
6
Suppose -20 = a + 4*p, -5*a + 7 = -3*p - 8. Let n(c) = -c - 4. Let x be n(a). Let s(t) = t**2 + 5*t + 3. Calculate s(x).
-1
Let r = -55 + 75. Let d(o) = -12*o - 5*o + r*o. Determine d(-3).
-9
Suppose -2*k - 2 = 10. Let h(i) = i**2 - 4*i + 2. Let o be h(k). Suppose 59*m = o*m + 3. Let w(n) = -22*n**3 + n**2 - n - 1. What is w(m)?
23
Suppose 0 = -119*u + 113*u + 36. Let h(q) = -6*q. Let c(t) = -3*t. Let f(v) = u*h(v) - 13*c(v). Give f(0).
0
Suppose 3*a - 5 = 13. Let d(o) = 143*o**2 - 4*o + 11. Let p(u) = -250*u**2 + 6*u - 19. Let k(l) = -7*d(l) - 4*p(l). Calculate k(a).
-13
Let l be ((-3)/4)/(-4 - (-105)/28). Let g(t) be the second derivative of -t**5/10 + t**4/6 - t**